rime factors of 943812804.
2, 3, 11, 601, 11897
What are the prime factors of 4378124854?
2, 31, 59, 1196863
List the prime factors of 258112236.
2, 3, 21509353
List the prime factors of 1499907049.
53, 28300133
List the prime factors of 1587684348.
2, 3, 14700781
What are the prime factors of 310749797?
31, 251, 39937
What are the prime factors of 617093431?
14411, 42821
What are the prime factors of 1028909048?
2, 23, 5591897
List the prime factors of 325702626.
2, 3, 17, 401, 7963
What are the prime factors of 368054832?
2, 3, 23, 333383
List the prime factors of 267460956.
2, 3, 7, 1061353
List the prime factors of 261126475.
5, 23, 73, 6221
List the prime factors of 148575818.
2, 17, 1559, 2803
List the prime factors of 1811053078.
2, 17, 4621, 11527
List the prime factors of 2393339775.
3, 5, 5647, 5651
What are the prime factors of 79312919?
7, 79, 2927
What are the prime factors of 59729957?
7, 71, 120181
List the prime factors of 769343514.
2, 3, 23, 5574953
List the prime factors of 179820780.
2, 3, 5, 547, 5479
List the prime factors of 61911223.
11, 157, 3259
List the prime factors of 2744110739.
19, 144426881
What are the prime factors of 772329971?
7, 37, 67, 44507
List the prime factors of 1757142601.
337, 1399, 3727
List the prime factors of 306087394.
2, 73, 113, 18553
List the prime factors of 531515327.
7, 419, 181219
What are the prime factors of 1363025?
5, 54521
What are the prime factors of 2536666344?
2, 3, 35231477
What are the prime factors of 76185982?
2, 23, 71, 23327
List the prime factors of 468620305.
5, 101, 927961
What are the prime factors of 770834618?
2, 1307, 294887
List the prime factors of 281897277.
3, 93965759
What are the prime factors of 57311126?
2, 31, 53, 107, 163
What are the prime factors of 337634995?
5, 67526999
List the prime factors of 166708846.
2, 83354423
List the prime factors of 377737000.
2, 5, 377737
List the prime factors of 227125244.
2, 47, 1208113
What are the prime factors of 2282224483?
7, 11, 17, 1743487
List the prime factors of 3902210906.
2, 11, 17, 10433719
List the prime factors of 133833581.
7, 47, 406789
What are the prime factors of 1761119145?
3, 5, 31, 71, 5927
List the prime factors of 2872089.
3, 11, 67, 433
List the prime factors of 404300119.
404300119
List the prime factors of 280623998.
2, 17, 157, 52571
What are the prime factors of 103491700?
2, 5, 13, 79609
List the prime factors of 203551781.
203551781
What are the prime factors of 67376570?
2, 5, 29, 232333
List the prime factors of 3990899487.
3, 23, 863, 67021
What are the prime factors of 1126338674?
2, 59, 1151, 8293
List the prime factors of 2318145568.
2, 17, 431, 9887
List the prime factors of 3208887317.
487, 6589091
List the prime factors of 6559031789.
43, 152535623
What are the prime factors of 51035719?
7, 347, 21011
List the prime factors of 32626669.
32626669
List the prime factors of 5170891709.
73, 70834133
List the prime factors of 174948188.
2, 727, 60161
What are the prime factors of 15363494?
2, 23, 333989
What are the prime factors of 213334996?
2, 7, 7619107
What are the prime factors of 1147963246?
2, 573981623
What are the prime factors of 28263330?
2, 3, 5, 3877
What are the prime factors of 362425461?
3, 61, 647, 3061
List the prime factors of 646013698.
2, 11, 601, 48859
List the prime factors of 281284234.
2, 7, 11, 1826521
What are the prime factors of 136289013?
3, 7, 6489953
List the prime factors of 1037236992.
2, 3, 11, 59, 2081
What are the prime factors of 39834526?
2, 19, 331, 3167
What are the prime factors of 1999898566?
2, 999949283
List the prime factors of 1008828916.
2, 29, 67, 129803
List the prime factors of 2886294959.
19, 31, 4900331
List the prime factors of 1396391874.
2, 3, 401, 580379
List the prime factors of 3504295678.
2, 13, 29, 37, 59, 2129
List the prime factors of 162563309.
613, 265193
List the prime factors of 47747652.
2, 3, 3978971
What are the prime factors of 4030574?
2, 2015287
List the prime factors of 105744215.
5, 19, 491, 2267
What are the prime factors of 1164401790?
2, 3, 5, 809, 47977
What are the prime factors of 152598246?
2, 3, 25433041
What are the prime factors of 61679776?
2, 19, 229, 443
List the prime factors of 424297906.
2, 212148953
List the prime factors of 55007617.
7, 73, 107647
What are the prime factors of 8114808598?
2, 13, 919, 339617
List the prime factors of 48284823.
3, 67, 233, 1031
What are the prime factors of 549352244?
2, 7, 19, 1032617
What are the prime factors of 109618741?
79, 1387579
List the prime factors of 360999590.
2, 5, 7, 17, 303361
What are the prime factors of 123318792?
2, 3, 1712761
What are the prime factors of 79128015?
3, 5, 37, 142573
What are the prime factors of 1521465211?
7, 217352173
What are the prime factors of 442076005?
5, 7, 12630743
List the prime factors of 39626349.
3, 7, 43, 6269
List the prime factors of 97378947.
3, 10819883
List the prime factors of 140563700.
2, 5, 1405637
What are the prime factors of 1190176846?
2, 595088423
List the prime factors of 1448435885.
5, 13, 29, 768401
List the prime factors of 52533944.
2, 17, 386279
List the prime factors of 70977347.
7, 577, 17573
What are the prime factors of 4415959179?
3, 14869, 32999
What are the prime factors of 361799931?
3, 120599977
List the prime factors of 4036969114.
2, 8069, 250153
What are the prime factors of 1014247283?
7, 71, 103, 19813
What are the prime factors of 345856616?
2, 7, 6176011
List the prime factors of 1836072447.
3, 11, 29, 1918571
What are the prime factors of 634621214?
2, 499, 635893
What are the prime factors of 42027477?
3, 14009159
List the prime factors of 16317394.
2, 59, 138283
What are the prime factors of 905311715?
5, 7, 11, 19, 11251
List the prime factors of 124116828.
2, 3, 11, 940279
What are the prime factors of 80261624?
2, 17, 19, 89, 349
What are the prime factors of 853456109?
11, 29, 1433, 1867
List the prime factors of 115878033.
3, 1430593
List the prime factors of 25536439.
59, 269, 1609
List the prime factors of 61584807.
3, 61, 336529
What are the prime factors of 292714008?
2, 3, 23, 530279
What are the prime factors of 3755991208?
2, 469498901
List the prime factors of 251627463.
3, 27958607
List the prime factors of 14268569.
7, 37, 89, 619
What are the prime factors of 66641959?
43, 317, 4889
List the prime factors of 1145382252.
2, 3, 7, 691, 2819
What are the prime factors of 3572343500?
2, 5, 11, 137, 431
What are the prime factors of 6513146606?
2, 2053, 1586251
What are the prime factors of 321208294?
2, 11, 23, 57709
What are the prime factors of 2037692185?
5, 17791, 22907
List the prime factors of 491529192.
2, 3, 7, 11, 37997
What are the prime factors of 101064876?
2, 3, 11, 19, 59, 683
List the prime factors of 300678478.
2, 521, 288559
List the prime factors of 5021467663.
23, 218324681
What are the prime factors of 2621167957?
47, 55769531
What are the prime factors of 652020825?
3, 5, 43, 181, 1117
What are the prime factors of 81796163?
17, 101, 47639
What are the prime factors of 983422458?
2, 3, 674501
List the prime factors of 248743568.
2, 353, 44041
List the prime factors of 39084998.
2, 103, 189733
What are the prime factors of 1854749502?
2, 3, 211, 6029
What are the prime factors of 2014491024?
2, 3, 7, 13, 17, 9043
List the prime factors of 212544879.
3, 2963, 23911
List the prime factors of 52703059.
37, 1424407
List the prime factors of 618978446.
2, 89, 3477407
What are the prime factors of 132673128?
2, 3, 7, 789721
List the prime factors of 1162881195.
3, 5, 7, 11075059
What are the prime factors of 32760856?
2, 67, 61121
List the prime factors of 281000539.
59, 4762721
What are the prime factors of 2071840878?
2, 3, 43, 331, 8087
List the prime factors of 757943744.
2, 19, 71, 8779
List the prime factors of 90962144.
2, 7, 13, 31237
What are the prime factors of 480357539?
480357539
What are the prime factors of 226202514?
2, 3, 37700419
List the prime factors of 954592995.
3, 5, 63639533
What are the prime factors of 323337049?
7, 859, 53773
List the prime factors of 5080514560.
2, 5, 11, 2819
What are the prime factors of 67674408?
2, 3, 2819767
What are the prime factors of 12370759?
12370759
What are the prime factors of 235134